(10).
-3
Let s(f) = 2095*f + 25151. Determine s(-12).
11
Let n(x) = 1494*x + 82184. What is n(-55)?
14
Let l(x) = x**3 + 10*x**2 + x - 12. Calculate l(-4).
80
Let w(v) = 2*v**3 - 7*v**2 - 4*v - 16. What is w(4)?
-16
Let a(k) = 5*k - 243. Calculate a(14).
-173
Let k(l) = 152*l - 1388. What is k(8)?
-172
Let f(g) = g**3 - 38*g**2 - 127*g - 51. Calculate f(41).
-215
Let n(p) = -1271*p + 6350. Determine n(5).
-5
Let o(u) = -97*u + 271. Determine o(-6).
853
Let z(p) = -2*p**3 - 7*p**2 + 20*p + 52. Calculate z(-2).
0
Let i(x) = -2*x**2 - 515*x + 3702. What is i(7)?
-1
Let m(g) = -g**3 - 5*g**2 - 6*g + 16. What is m(2)?
-24
Let i(y) = 257*y + 16450. What is i(-64)?
2
Let s(x) = -2*x**3 + 27*x**2 - 24*x + 19. Calculate s(13).
-124
Let j(o) = 6*o - 42. What is j(-29)?
-216
Let d(t) = -104*t + 31747. What is d(305)?
27
Let i(z) = z**3 - 25*z**2 - 140*z + 581. Give i(-7).
-7
Let k(z) = -z**3 + 85*z**2 - 953*z + 1225. What is k(72)?
1
Let f(y) = -50*y + 131. Give f(4).
-69
Let j(b) = -327*b + 2327. Calculate j(7).
38
Let m(d) = -23*d - 448. Determine m(-27).
173
Let c(l) = -8*l. Determine c(5).
-40
Let c(i) = 27*i - 126. Calculate c(13).
225
Let f(d) = 383*d + 3054. Determine f(-8).
-10
Let n(p) = -84*p - 1690. What is n(-20)?
-10
Let w(s) = -7*s**3 + 544*s**2 + 160*s - 326. Give w(78).
-14
Let t(m) = 126*m + 13722. Determine t(-109).
-12
Let y(x) = x**3 + 59*x**2 - 462*x - 4664. Give y(-65).
16
Let g(p) = 8*p**3 + 17*p**2 + 15*p - 6. Determine g(-5).
-656
Let l(p) = -2304*p + 6. Calculate l(0).
6
Let c(i) = -7*i**2 - 853*i + 1710. Determine c(2).
-24
Let p(t) = 15*t + 232. Determine p(-15).
7
Let z(y) = -243*y + 196. What is z(1)?
-47
Let d(u) = -9*u**2 - 87*u - 151. Calculate d(-7).
17
Let l(t) = 167*t**3 + 10*t + 10. Give l(-1).
-167
Let s(w) = -19*w - 99. What is s(-37)?
604
Let t(q) = 3*q**2 + 194*q + 114. What is t(-64)?
-14
Let x(i) = 2*i**2 + 108*i + 101. Give x(-53).
-5
Let h(v) = -2*v**3 - 35*v**2 + 101*v - 20. Determine h(-20).
-40
Let v(w) = -18*w**2 - 57*w + 63. Give v(-4).
3
Let i(t) = 2*t**3 - 5*t**2 - 6*t + 7. Determine i(3).
-2
Let i(d) = -2*d**2 + 25*d + 6. Calculate i(0).
6
Let p(y) = 7*y**3 - 64*y**2 + 19*y - 93. Determine p(9).
-3
Let r(j) = j**2 - 25*j + 92. What is r(19)?
-22
Let b(u) = u**2 - 3568*u + 21378. Determine b(6).
6
Let j(l) = -6*l - 59. Calculate j(-12).
13
Let g(m) = -724*m - 725. Calculate g(-1).
-1
Let o(m) = m**3 + 8*m**2 + 13*m + 48. Give o(-5).
58
Let s(q) = -185*q + 2789. Give s(15).
14
Let v(z) = 17*z**2 - 18*z - 6. Determine v(-5).
509
Let q(k) = -k**3 + 17*k**2 - 61*k - 36. What is q(6)?
-6
Let d(f) = 17*f**2 - 120*f + 31. What is d(7)?
24
Let h(p) = p**3 + 18*p**2 - 41*p + 49. What is h(-20)?
69
Let y(r) = -2*r**3 - 326*r**2 - 333*r - 1462. What is y(-162)?
-4
Let b(a) = -2*a + 70. Give b(6).
58
Let u(m) = 2*m**3 - 18*m**2 + 38*m - 167. Give u(8).
9
Let w(q) = 4*q**3 - 10*q**2 + 16*q - 7. Calculate w(1).
3
Let b(r) = r**2 - 205*r + 2297. Determine b(12).
-19
Let q(z) = -z**3 - 8*z**2 + 21*z - 7. Give q(2).
-5
Let g(h) = h**3 + 29*h**2 + 44*h - 88. Determine g(-27).
182
Let u(s) = 6*s**3 - 30*s**2 + 72*s - 392. What is u(5)?
-32
Let g(q) = -q**3 - 3*q**2 + 13*q - 16. What is g(-6)?
14
Let i(o) = -o**2 + 90. Determine i(0).
90
Let v(x) = -39*x - 52. Determine v(-2).
26
Let s(a) = 8067*a - 80667. Calculate s(10).
3
Let o(j) = j**3 - 9*j**2 + 253*j - 2279. What is o(9)?
-2
Let g(q) = -2*q**3 + q**2 + 8*q + 25. What is g(-4)?
137
Let a(n) = -4*n**2 + 419*n + 67. What is a(105)?
-38
Let s(g) = -26*g + 100. Give s(3).
22
Let x(h) = 149*h + 605. Calculate x(-4).
9
Let j(f) = -2165*f**2 - 4314*f + 37. Give j(-2).
5
Let m(w) = -61*w - 382. Calculate m(-9).
167
Let p(g) = 219*g + 1181. Calculate p(-5).
86
Let y(c) = -252*c + 257. What is y(1)?
5
Let q(h) = -2*h**2 - 301*h + 6441. Calculate q(19).
0
Let q(x) = -7*x**2 - 338*x - 146. Calculate q(-47).
277
Let o(b) = 609*b - 4852. What is o(8)?
20
Let l(w) = -w**2 - 17*w - 61. What is l(-11)?
5
Let n(w) = 24*w**3 - 1247*w**2 - 53*w + 48. What is n(52)?
-4
Let n(z) = z**3 - 10*z**2 - 63*z - 22. Determine n(15).
158
Let w(n) = 5*n**2 - 51*n + 23. What is w(10)?
13
Let b(n) = 2*n**3 - 114*n**2 + 181*n - 3861. Determine b(56).
3
Let g(d) = d**3 + 2*d + 12. What is g(-5)?
-123
Let n(o) = 7*o**2 + 135*o + 30. Calculate n(-19).
-8
Let q(b) = 192*b - 2169. Calculate q(12).
135
Let k(l) = -8*l**3 - 313*l**2 - 30*l + 349. What is k(-39)?
-2
Let l(x) = -2*x**3 + 92*x**2 + 198*x + 13. Calculate l(-2).
1
Let i(t) = -17*t - 291. Calculate i(-12).
-87
Let f(v) = -v**2 + 175*v - 1277. What is f(8)?
59
Let y(c) = -10*c + 1. Calculate y(-1).
11
Let k(n) = 459*n**2 - 5050*n + 3. Determine k(11).
-8
Let g(a) = -a**3 + 52*a**2 - 268*a - 415. Calculate g(46).
-47
Let i(a) = 2*a**2 - 97*a + 477. Calculate i(43).
4
Let y(b) = -1143*b - 51439. Determine y(-45).
-4
Let a(n) = 319*n - 1614. What is a(7)?
619
Let i(h) = -h**3 + 14*h**2 - 42*h - 32. Give i(6).
4
Let l(h) = 4*h**3 - 10*h**2 - 3*h - 4. Calculate l(3).
5
Let c(k) = 2*k**2 + 150*k - 1514. What is c(9)?
-2
Let o(j) = -j**2 - j + 14. What is o(-9)?
-58
Let v(a) = a**2 - 13*a + 98. Calculate v(30).
608
Let l(x) = 4*x - 262. Calculate l(16).
-198
Let t(b) = -2*b**2 + 26*b + 19. Give t(14).
-9
Let t(i) = 942*i + 34855. Give t(-37).
1
Let f(d) = 219*d + 14671. Determine f(-67).
-2
Let y(a) = -45*a - 1401. What is y(-32)?
39
Let i(r) = -789*r - 3945. Give i(-5).
0
Let f(i) = 2*i**3 + 40*i**2 - 91*i + 3. Determine f(-22).
69
Let v(u) = 6*u**2 - 58*u - 393. Determine v(-6).
171
Let s(v) = 9*v + 33. What is s(21)?
222
Let m(l) = -5265*l + 15789. Determine m(3).
-6
Let f(g) = 3*g**2 + 277*g + 1852. What is f(-85)?
-18
Let s(y) = -382*y - 63801. Calculate s(-167).
-7
Let f(h) = 329*h - 9549. Determine f(29).
-8
Let r(u) = u**3 + 6*u**2 - 33*u - 130. Give r(-4).
34
Let r(f) = -10*f**2 + 34*f + 3. Give r(7).
-249
Let w(b) = 6*b**2 - 36*b + 25. Determine w(6).
25
Let l(y) = 3*y**3 - 47*y**2 - 16*y - 4. Determine l(16).
-4
Let t(z) = z**2 - 61*z - 219. Give t(66).
111
Let g(h) = -14*h**2 - 94*h + 664. Determine g(-11).
4
Let d(w) = -w**3 + 31*w**2 - 164*w - 47. Determine d(7).
-19
Let j(q) = 32*q - 163. Determine j(6).
29
Let s(a) = -a**2 + 8*a + 5314. Determine s(77).
1
Let y(d) = -126*d - 158. Calculate y(-6).
598
Let j(i) = 45*i**2 + 8*i + 7. What is j(-2)?
171
Let b(g) = 1550*g - 9304. Give b(6).
-4
Let l(o) = -2*o**3 + 235*o**2 - 347*o - 488. Calculate l(116).
-372
Let j(z) = z**3 + 79*z**2 + 749*z + 37. Determine j(-68).
-31
Let o(v) = 2*v**2 + 164*v + 480. Calculate o(-3).
6
Let v(l) = -766*l - 14561. Determine v(-19).
-7
Let k(n) = -8*n - 108. Calculate k(-6).
-60
Let r(k) = 289*k - 1446. Determine r(5).
-1
Let h(n) = 3*n**3 + n + 13. What is h(4)?
209
Let p(m) = 4*m**3 + m**2 + 6*m. What is p(2)?
48
Let d(n) = 30*n**2 - 37*n - 38. Give d(-1).
29
Let d(f) = -f**3 - 16*f**2 + 96*f + 699. Determine d(-7).
-414
Let x(u) = 55*u + 4565. What is x(-84)?
-55
Let t(m) = 487*m + 46259. Determine t(-95).
-6
Let y(d) = 8651*d - 8631. What is y(1)?
20
Let h(n) = n**2 - 55*n + 715. Give h(34).
1
Let p(z) = -z + 5. Give p(30).
-25
Let f(g) = -30*g - 10. Calculate f(1).
-40
Let i(j) = j**3 - 18*j**2 - 62*j + 398. Determine i(19).
-419
Let s(q) = q**3 + 41*q**2 + 65*q + 22. Give s(-39).
529
Let s(q) = 32*q + 703. Calculate s(-22).
-1
Let l(p) = -2*p**3 + 21*p**2 + 2*p + 91. What is l(11)?
-8
Let l(f) = f**2 + 5*f - 95. Give l(0).
-95
Let b(q) = -2*q**2 - 140*q - 13. What is b(-64)?
755
Let y(x) = 82*x + 2465. Determine y(-30).
5
Let c(o) = -o**3 + 7*o**2 - 3*o - 23. Calculate c(-4).
165
Let j(w) = -w + 462. Give j(8).
454
Let i(l) = -102*l + 2837. Give i(29).
-121
Let o(j) = 24*j**3 + 288*j**2 + 17*j + 189. Give o(-12).
-15
Let u(k) = -k**3 - 21*k**2 + 55*k + 193. Determine u(-23).
-14
Let t(z) = z**3 + 16*z**2 + 38*z + 145. Give t(-14).
5
Let t(x) = x**2 - 176*x - 13301. Give t(-57).
-20
Let b(y) = -47*y + 255. What is b(5)?
20
Let m(f) = f**3 + 4*f**2 - 82*f - 405. Calculate m(-8).
-5
Let w(k) = 865*k - 3432. What is w(4)?
28
Let h(o) = 5*o + 92. Determine h(-4).
72
Let p(q) = -q**3 - 47*q**2 - 520*q + 15. What is p(-16)?
399
Let d(c) = -4*c + 18. What is d(37)?
-130
Let i(u) = u**3 + 5*u**2 - 9*u - 23. Determine i(-2).
7
Let c(k) = -17*k - 253. Give c(-28